{"id":14,"date":"2025-04-29T17:16:55","date_gmt":"2025-04-29T15:16:55","guid":{"rendered":"https:\/\/epem.org\/?page_id=14"},"modified":"2025-06-12T20:44:46","modified_gmt":"2025-06-12T18:44:46","slug":"lalliance-pastorale-de-lepem","status":"publish","type":"page","link":"https:\/\/epem.org\/index.php\/lalliance-pastorale-de-lepem\/","title":{"rendered":"L&rsquo;alliance pastorale"},"content":{"rendered":"\n<p><strong>L\u2019Alliance Pastorale assure la gouvernance spirituelle de l&rsquo;\u00e9glise<\/strong><\/p>\n\n\n\n<p>L\u2019Alliance Pastorale est l\u2019union de l\u2019ensemble du corps pastoral de l\u2019EPEM.<\/p>\n\n\n\n<p><strong>Composition<\/strong><\/p>\n\n\n\n<p>Elle est compos\u00e9e des pasteurs en activit\u00e9 et des la\u00efcs \u00e0 responsabilit\u00e9 pastorale, ainsi que des pasteurs retrait\u00e9s ayant achev\u00e9 leur service au sein de l&rsquo;EPEM ou d\u00e9missionnaires d\u2019une autre Union d\u2019Eglises et reconnus par l\u2019AP.<\/p>\n\n\n\n<p><strong>Fonctions<\/strong><\/p>\n\n\n\n<p>L\u2019Alliance Pastorale est charg\u00e9e coll\u00e9gialement de la direction spirituelle<strong> <\/strong>de l\u2019EPEM, sous l\u2019autorit\u00e9 du Christ. A ce titre, et sans que cette \u00e9num\u00e9ration soit limitative, elle&nbsp;:<\/p>\n\n\n\n<ul class=\"wp-block-list\">\n<li>constitue une communaut\u00e9 fraternelle d\u2019\u00e9change et de soutien mutuel.<\/li>\n\n\n\n<li>veille \u00e0 la probit\u00e9 de ses membres.<\/li>\n\n\n\n<li>examine et valide les candidatures au minist\u00e8re pastoral. Elle oriente et suit la formation des candidats.<\/li>\n\n\n\n<li>consacre les candidats pasteurs remplissant les conditions du RE ou reconna\u00eet leur cons\u00e9cration pr\u00e9alablement re\u00e7ue dans une autre \u00c9glise.<\/li>\n\n\n\n<li>veille \u00e0 la desserte r\u00e9guli\u00e8re de l\u2019ensemble des \u00c9glises et d\u00e9cide des affectations pastorales en concertation avec les familles pastorales et les \u00c9glises concern\u00e9es.<\/li>\n\n\n\n<li>assure une visite fraternelle annuelle de chaque \u00c9glise locale par un pasteur ext\u00e9rieur \u00e0 cette \u00c9glise.<\/li>\n\n\n\n<li>assure l&rsquo;\u00e9valuation des pasteurs et pr\u00e9dicateurs la\u00efcs \u00e0 responsabilit\u00e9 pastorale.<\/li>\n\n\n\n<li>accompagne les stagiaires et proposants.<\/li>\n\n\n\n<li>arbitre les diff\u00e9rends d\u2019ordre spirituel qui peuvent na\u00eetre au sein de l\u2019EPEM. En cas de manquement grave port\u00e9 \u00e0 sa connaissance, et sans pr\u00e9juger d\u2019\u00e9ventuelles suites judiciaires, elle est habilit\u00e9e \u00e0 prononcer, en se r\u00e9f\u00e9rant au RE, les sanctions appropri\u00e9es \u00e0 l\u2019encontre du membre concern\u00e9, apr\u00e8s l\u2019avoir auditionn\u00e9, ainsi que d\u2019\u00e9ventuels t\u00e9moins.<\/li>\n\n\n\n<li>\u00e9labore des r\u00e9flexions th\u00e9ologiques, formule des avis ou des recommandations, \u00e0 son initiative propre ou en r\u00e9ponse \u00e0 une demande de l\u2019AG, du Conseil de Coordination&nbsp;ou d\u2019une \u00c9glise locale.<\/li>\n\n\n\n<li>\u00e9lit en son sein une <strong>Commission Pastorale<\/strong> de trois pasteurs consacr\u00e9s dont un membre est remplac\u00e9 chaque ann\u00e9e, \u00e0 tour de r\u00f4le. Un membre sortant ne peut \u00eatre r\u00e9\u00e9lu qu\u2019apr\u00e8s une pause d\u2019au moins un an.<\/li>\n\n\n\n<li>suscite et accompagne l\u2019implantation ou la cr\u00e9ation de nouvelles \u00c9glises locales.<\/li>\n<\/ul>\n\n\n\n<p><strong>Fonctionnement de l\u2019Alliance Pastorale<\/strong><\/p>\n\n\n\n<p>L\u2019Alliance Pastorale se r\u00e9unit,&nbsp;sur convocation de la Commission Pastorale, au moins une fois par semestre en pr\u00e9sentiel, et chaque fois que la situation l\u2019exige. Elle peut recourir aux technologies de communication \u00e0 distance, si n\u00e9cessaire.<\/p>\n\n\n\n<p>Elle prend ses d\u00e9cisions par vote \u00e0 bulletin secret, \u00e0 la majorit\u00e9 simple, sauf pour le recrutement d\u2019un candidat, la cons\u00e9cration des pasteurs proposants et les d\u00e9cisions disciplinaires qui requi\u00e8rent la majorit\u00e9 des 2\/3.<\/p>\n\n\n\n<p>Elle rend compte de ses travaux \u00e0 chaque session de l\u2019Assembl\u00e9e G\u00e9n\u00e9rale.<\/p>\n\n\n\n<p>En cas de contestation, les d\u00e9cisions de l\u2019Alliance Pastorale sont susceptibles d\u2019appel devant l\u2019AG qui devra confirmer ou invalider lesdites d\u00e9cisions. Dans ce dernier cas, la d\u00e9cision est renvoy\u00e9e \u00e0 l\u2019Alliance Pastorale pour \u00e9tude, en vue d\u2019une d\u00e9cision modifi\u00e9e.<\/p>\n\n\n\n<p><strong>La Commission Pastorale<\/strong><\/p>\n\n\n\n<p>Elle pr\u00e9pare, organise et convoque les sessions de l\u2019Alliance Pastorale en prenant les contacts pr\u00e9alables et en r\u00e9unissant les documents n\u00e9cessaires aux travaux de l\u2019AP.<\/p>\n\n\n\n<h2 class=\"wp-block-heading\">Responsabilit\u00e9s partag\u00e9es de l&rsquo;alliance pastorale<\/h2>\n\n\n\n<p><strong>Gestion des emplois et comp\u00e9tences<\/strong><\/p>\n\n\n\n<p>La pr\u00e9vision pluriannuelle des d\u00e9parts et des postes \u00e0 pourvoir rel\u00e8ve d\u2019une concertation \u00e9troite entre le CC et l\u2019AP.<\/p>\n\n\n\n<p><strong>Embauches<\/strong><\/p>\n\n\n\n<p>Les \u00c9glises membres s\u2019interdisent l\u2019embauche directe du personnel \u00e0 comp\u00e9tence pastorale, r\u00e9serv\u00e9e au CC, sur proposition de l\u2019AP.<\/p>\n\n\n\n<p><strong>Les affectations<\/strong><\/p>\n\n\n\n<p>L\u2019AP d\u00e9cide des affectations pastorales en concertation avec les pasteurs et leur conjoint et les \u00c9glises concern\u00e9es.&nbsp; Ces d\u00e9cisions sont mises en \u0153uvre par le CC.<\/p>\n\n\n","protected":false},"excerpt":{"rendered":"<p>L\u2019Alliance Pastorale assure la gouvernance spirituelle de l&rsquo;\u00e9glise L\u2019Alliance Pastorale est l\u2019union de l\u2019ensemble du corps pastoral de l\u2019EPEM. Composition Elle est compos\u00e9e des pasteurs en activit\u00e9 et des la\u00efcs \u00e0 responsabilit\u00e9 pastorale, ainsi que des pasteurs retrait\u00e9s ayant achev\u00e9 leur service au sein de l&rsquo;EPEM ou d\u00e9missionnaires d\u2019une autre Union d\u2019Eglises et reconnus par [&hellip;]<\/p>\n","protected":false},"author":1,"featured_media":0,"parent":0,"menu_order":0,"comment_status":"closed","ping_status":"closed","template":"elementor_theme","meta":{"ocean_post_layout":"full-width","ocean_both_sidebars_style":"","ocean_both_sidebars_content_width":0,"ocean_both_sidebars_sidebars_width":0,"ocean_sidebar":"","ocean_second_sidebar":"","ocean_disable_margins":"enable","ocean_add_body_class":"","ocean_shortcode_before_top_bar":"","ocean_shortcode_after_top_bar":"","ocean_shortcode_before_header":"","ocean_shortcode_after_header":"","ocean_has_shortcode":"","ocean_shortcode_after_title":"","ocean_shortcode_before_footer_widgets":"","ocean_shortcode_after_footer_widgets":"","ocean_shortcode_before_footer_bottom":"","ocean_shortcode_after_footer_bottom":"","ocean_display_top_bar":"default","ocean_display_header":"default","ocean_header_style":"","ocean_center_header_left_menu":"","ocean_custom_header_template":"","ocean_custom_logo":0,"ocean_custom_retina_logo":0,"ocean_custom_logo_max_width":0,"ocean_custom_logo_tablet_max_width":0,"ocean_custom_logo_mobile_max_width":0,"ocean_custom_logo_max_height":0,"ocean_custom_logo_tablet_max_height":0,"ocean_custom_logo_mobile_max_height":0,"ocean_header_custom_menu":"","ocean_menu_typo_font_family":"","ocean_menu_typo_font_subset":"","ocean_menu_typo_font_size":0,"ocean_menu_typo_font_size_tablet":0,"ocean_menu_typo_font_size_mobile":0,"ocean_menu_typo_font_size_unit":"px","ocean_menu_typo_font_weight":"","ocean_menu_typo_font_weight_tablet":"","ocean_menu_typo_font_weight_mobile":"","ocean_menu_typo_transform":"","ocean_menu_typo_transform_tablet":"","ocean_menu_typo_transform_mobile":"","ocean_menu_typo_line_height":0,"ocean_menu_typo_line_height_tablet":0,"ocean_menu_typo_line_height_mobile":0,"ocean_menu_typo_line_height_unit":"","ocean_menu_typo_spacing":0,"ocean_menu_typo_spacing_tablet":0,"ocean_menu_typo_spacing_mobile":0,"ocean_menu_typo_spacing_unit":"","ocean_menu_link_color":"","ocean_menu_link_color_hover":"","ocean_menu_link_color_active":"","ocean_menu_link_background":"","ocean_menu_link_hover_background":"","ocean_menu_link_active_background":"","ocean_menu_social_links_bg":"","ocean_menu_social_hover_links_bg":"","ocean_menu_social_links_color":"","ocean_menu_social_hover_links_color":"","ocean_disable_title":"default","ocean_disable_heading":"default","ocean_post_title":"","ocean_post_subheading":"","ocean_post_title_style":"","ocean_post_title_background_color":"","ocean_post_title_background":0,"ocean_post_title_bg_image_position":"","ocean_post_title_bg_image_attachment":"","ocean_post_title_bg_image_repeat":"","ocean_post_title_bg_image_size":"","ocean_post_title_height":0,"ocean_post_title_bg_overlay":0.5,"ocean_post_title_bg_overlay_color":"","ocean_disable_breadcrumbs":"default","ocean_breadcrumbs_color":"","ocean_breadcrumbs_separator_color":"","ocean_breadcrumbs_links_color":"","ocean_breadcrumbs_links_hover_color":"","ocean_display_footer_widgets":"default","ocean_display_footer_bottom":"default","ocean_custom_footer_template":"","osh_disable_topbar_sticky":"default","osh_disable_header_sticky":"default","osh_sticky_header_style":"default","osh_sticky_header_effect":"","osh_custom_sticky_logo":0,"osh_custom_retina_sticky_logo":0,"osh_custom_sticky_logo_height":0,"osh_background_color":"","osh_links_color":"","osh_links_hover_color":"","osh_links_active_color":"","osh_links_bg_color":"","osh_links_hover_bg_color":"","osh_links_active_bg_color":"","osh_menu_social_links_color":"","osh_menu_social_hover_links_color":"","footnotes":""},"class_list":["post-14","page","type-page","status-publish","hentry","entry"],"_links":{"self":[{"href":"https:\/\/epem.org\/index.php\/wp-json\/wp\/v2\/pages\/14","targetHints":{"allow":["GET"]}}],"collection":[{"href":"https:\/\/epem.org\/index.php\/wp-json\/wp\/v2\/pages"}],"about":[{"href":"https:\/\/epem.org\/index.php\/wp-json\/wp\/v2\/types\/page"}],"author":[{"embeddable":true,"href":"https:\/\/epem.org\/index.php\/wp-json\/wp\/v2\/users\/1"}],"replies":[{"embeddable":true,"href":"https:\/\/epem.org\/index.php\/wp-json\/wp\/v2\/comments?post=14"}],"version-history":[{"count":5,"href":"https:\/\/epem.org\/index.php\/wp-json\/wp\/v2\/pages\/14\/revisions"}],"predecessor-version":[{"id":452,"href":"https:\/\/epem.org\/index.php\/wp-json\/wp\/v2\/pages\/14\/revisions\/452"}],"wp:attachment":[{"href":"https:\/\/epem.org\/index.php\/wp-json\/wp\/v2\/media?parent=14"}],"curies":[{"name":"wp","href":"https:\/\/api.w.org\/{rel}","templated":true}]}}