{"id":16,"date":"2025-04-29T18:44:41","date_gmt":"2025-04-29T16:44:41","guid":{"rendered":"https:\/\/epem.org\/?page_id=16"},"modified":"2025-04-30T20:51:56","modified_gmt":"2025-04-30T18:51:56","slug":"nos-eglises","status":"publish","type":"page","link":"https:\/\/epem.org\/index.php\/nos-eglises\/","title":{"rendered":"Les \u00e9glises de l&rsquo;EPEM"},"content":{"rendered":"\n<p>Le 14 octobre 2023, lors de l&rsquo;AG de l&rsquo;UEEMF, il est pris acte officiellement que 9 \u00c9glises et 6 pasteurs se d\u00e9tachent de l&rsquo;UMC : <\/p>\n\n\n\n<ul class=\"wp-block-list\">\n<li>Les \u00c9glises de Tabor Bischwiller, Bischwiller Franco-Cambodgienne, Strasbourg, Mont\u00e9limar, Anduze, Valleraugue, Fleurance, Agen et Mont-de-Marsan. <\/li>\n\n\n\n<li>Les pasteurs : Beong Koan LEE, Pierre-Emmanuel PANIS, Pascal MAURIN, Jo\u00ebl DEJARDIN, Philippe GOOLD et Antoine DA SILVA, ainsi que David Sroeu, pr\u00e9dicateur la\u00efc.<\/li>\n\n\n\n<li>Les pasteurs retrait\u00e9s : Daniel Osswald, Evelyne Otge, Christophe et Myriam Waechter, Jean-Philippe et Joseline Waechter<\/li>\n<\/ul>\n\n\n\n<h2 class=\"wp-block-heading\">Carte de nos \u00e9glises en France<\/h2>\n\n\n\n<figure class=\"wp-block-image size-full\"><img fetchpriority=\"high\" decoding=\"async\" width=\"660\" height=\"382\" src=\"https:\/\/epem.org\/wp-content\/uploads\/2025\/04\/carte-eglise-epem.jpg\" alt=\"\" class=\"wp-image-58\" srcset=\"https:\/\/epem.org\/wp-content\/uploads\/2025\/04\/carte-eglise-epem.jpg 660w, https:\/\/epem.org\/wp-content\/uploads\/2025\/04\/carte-eglise-epem-300x174.jpg 300w\" sizes=\"(max-width: 660px) 100vw, 660px\" \/><\/figure>\n\n\n\n<h2 class=\"wp-block-heading\">Description de nos \u00e9glises<\/h2>\n\n\n\n<h3 class=\"wp-block-heading\">EGLISE D&rsquo;AGEN<\/h3>\n\n\n\n<p>Adresse : 1874 av. du G\u00e9n\u00e9ral Leclerc<br>47000 Agen<br>Pasteur : Philippe Goold<br>T: 05 53 96 84 32<\/p>\n\n\n\n<p>Culte le dimanche \u00e0 10 h 00.<\/p>\n\n\n\n<h3 class=\"wp-block-heading\">EGLISE D&rsquo;ANDUZE<\/h3>\n\n\n\n<p>Adresse : 1bis Rte de St F\u00e9lix<br>30140 Anduze<br>Pasteur : Jo\u00ebl D\u00e9jardin<br>T: 04 66 61 71 60<\/p>\n\n\n\n<p>Culte le dimanche \u00e0 10 h 30.<\/p>\n\n\n\n<h3 class=\"wp-block-heading\">EGLISE DE TABOR BISCHWILLER<\/h3>\n\n\n\n<p>Adresse : 42, rue Clemenceau<br>67240 Bischwiller<br>Pasteur : Poste vacant (desserte assur\u00e9e par Byeong-Koan Lee)<br>T: 03 88 53 92 07<\/p>\n\n\n\n<p>Culte le dimanche \u00e0 10 h 00.<\/p>\n\n\n\n<h3 class=\"wp-block-heading\">EGLISE FRANCO-CAMBODGIENNE<\/h3>\n\n\n\n<p>Adresse : 42, rue Clemenceau<br>67240 Bischwiller<br>Pasteur : David Sroeu<br>T:<\/p>\n\n\n\n<p>Culte le dimanche \u00e0 15 h 00.<\/p>\n\n\n\n<p>EGLISE DE FLEURANCE<\/p>\n\n\n\n<p>Adresse : 73, rue Jean Jaur\u00e8s<br>32 500 Fleurance<br>Pasteur : Dominique Ferret<\/p>\n\n\n\n<p>Culte le dimanche \u00e0 10 h 00 .<\/p>\n\n\n\n<h3 class=\"wp-block-heading\">EGLISE DE MONT-DE-MARSAN<\/h3>\n\n\n\n<p>Adresse : 252, avenue du 34e R\u00e9giment d&rsquo;Infanterie<br>(en face de l&rsquo;h\u00f4tel de la gare)<br>40000 Mont-de-Marsan<br>Pasteur : Antoine Da Silva<br>T\u00e9l. : 05 58 06 01 07<\/p>\n\n\n\n<p>Culte tous les dimanches \u00e0 10 heures<\/p>\n\n\n\n<h3 class=\"wp-block-heading\">EGLISE DE MONT\u00c9LIMAR<\/h3>\n\n\n\n<p>Adresse: \u00c9glise \u00c9vang\u00e9lique M\u00e9thodiste<br>12 rue Louis ARAGON<br>26200 Mont\u00e9limar<br>Pasteur : Pascal Maurin<br>T\u00e9l. 04 75 01 24 61<\/p>\n\n\n\n<p>Culte tous les dimanches \u00e0 10h15<\/p>\n\n\n\n<h3 class=\"wp-block-heading\">EGLISE DE STRASBOURG SION<\/h3>\n\n\n\n<p>Adresse : 1 place Benjamin Zix<br>Quartier de la Petite France<br>67 000 STRASBOURG<br>Pasteurs : Byeong Koan Lee &amp; Pierre-Emmanuel Panis<br>T\u00e9l. : 05 58 06 01 07<\/p>\n\n\n\n<p>Culte tous les dimanches \u00e0 10 heures<\/p>\n\n\n\n<h3 class=\"wp-block-heading\">EGLISE DE VALLERAUGUE<\/h3>\n\n\n\n<p>Adresse : rue du Pied-du-Pr\u00e9<br>30570 Valleraugue<br>Pasteur : Alain Puglia (mi-temps)<br>T\u00e9l. : <\/p>\n\n\n\n<p>Culte tous les dimanches \u00e0 10h45<\/p>\n\n\n\n<p><\/p>\n","protected":false},"excerpt":{"rendered":"<p>Le 14 octobre 2023, lors de l&rsquo;AG de l&rsquo;UEEMF, il est pris acte officiellement que 9 \u00c9glises et 6 pasteurs se d\u00e9tachent de l&rsquo;UMC : Carte de nos \u00e9glises en France Description de nos \u00e9glises EGLISE D&rsquo;AGEN Adresse : 1874 av. du G\u00e9n\u00e9ral Leclerc47000 AgenPasteur : Philippe GooldT: 05 53 96 84 32 Culte le [&hellip;]<\/p>\n","protected":false},"author":1,"featured_media":0,"parent":0,"menu_order":0,"comment_status":"closed","ping_status":"closed","template":"elementor_theme","meta":{"ocean_post_layout":"right-sidebar","ocean_both_sidebars_style":"","ocean_both_sidebars_content_width":0,"ocean_both_sidebars_sidebars_width":0,"ocean_sidebar":"","ocean_second_sidebar":"","ocean_disable_margins":"enable","ocean_add_body_class":"","ocean_shortcode_before_top_bar":"","ocean_shortcode_after_top_bar":"","ocean_shortcode_before_header":"","ocean_shortcode_after_header":"","ocean_has_shortcode":"","ocean_shortcode_after_title":"","ocean_shortcode_before_footer_widgets":"","ocean_shortcode_after_footer_widgets":"","ocean_shortcode_before_footer_bottom":"","ocean_shortcode_after_footer_bottom":"","ocean_display_top_bar":"default","ocean_display_header":"default","ocean_header_style":"","ocean_center_header_left_menu":"","ocean_custom_header_template":"","ocean_custom_logo":0,"ocean_custom_retina_logo":0,"ocean_custom_logo_max_width":0,"ocean_custom_logo_tablet_max_width":0,"ocean_custom_logo_mobile_max_width":0,"ocean_custom_logo_max_height":0,"ocean_custom_logo_tablet_max_height":0,"ocean_custom_logo_mobile_max_height":0,"ocean_header_custom_menu":"","ocean_menu_typo_font_family":"","ocean_menu_typo_font_subset":"","ocean_menu_typo_font_size":0,"ocean_menu_typo_font_size_tablet":0,"ocean_menu_typo_font_size_mobile":0,"ocean_menu_typo_font_size_unit":"px","ocean_menu_typo_font_weight":"","ocean_menu_typo_font_weight_tablet":"","ocean_menu_typo_font_weight_mobile":"","ocean_menu_typo_transform":"","ocean_menu_typo_transform_tablet":"","ocean_menu_typo_transform_mobile":"","ocean_menu_typo_line_height":0,"ocean_menu_typo_line_height_tablet":0,"ocean_menu_typo_line_height_mobile":0,"ocean_menu_typo_line_height_unit":"","ocean_menu_typo_spacing":0,"ocean_menu_typo_spacing_tablet":0,"ocean_menu_typo_spacing_mobile":0,"ocean_menu_typo_spacing_unit":"","ocean_menu_link_color":"","ocean_menu_link_color_hover":"","ocean_menu_link_color_active":"","ocean_menu_link_background":"","ocean_menu_link_hover_background":"","ocean_menu_link_active_background":"","ocean_menu_social_links_bg":"","ocean_menu_social_hover_links_bg":"","ocean_menu_social_links_color":"","ocean_menu_social_hover_links_color":"","ocean_disable_title":"default","ocean_disable_heading":"default","ocean_post_title":"","ocean_post_subheading":"","ocean_post_title_style":"","ocean_post_title_background_color":"","ocean_post_title_background":0,"ocean_post_title_bg_image_position":"","ocean_post_title_bg_image_attachment":"","ocean_post_title_bg_image_repeat":"","ocean_post_title_bg_image_size":"","ocean_post_title_height":0,"ocean_post_title_bg_overlay":0.5,"ocean_post_title_bg_overlay_color":"","ocean_disable_breadcrumbs":"default","ocean_breadcrumbs_color":"","ocean_breadcrumbs_separator_color":"","ocean_breadcrumbs_links_color":"","ocean_breadcrumbs_links_hover_color":"","ocean_display_footer_widgets":"default","ocean_display_footer_bottom":"default","ocean_custom_footer_template":"","osh_disable_topbar_sticky":"default","osh_disable_header_sticky":"default","osh_sticky_header_style":"default","osh_sticky_header_effect":"","osh_custom_sticky_logo":0,"osh_custom_retina_sticky_logo":0,"osh_custom_sticky_logo_height":0,"osh_background_color":"","osh_links_color":"","osh_links_hover_color":"","osh_links_active_color":"","osh_links_bg_color":"","osh_links_hover_bg_color":"","osh_links_active_bg_color":"","osh_menu_social_links_color":"","osh_menu_social_hover_links_color":"","footnotes":""},"class_list":["post-16","page","type-page","status-publish","hentry","entry"],"_links":{"self":[{"href":"https:\/\/epem.org\/index.php\/wp-json\/wp\/v2\/pages\/16","targetHints":{"allow":["GET"]}}],"collection":[{"href":"https:\/\/epem.org\/index.php\/wp-json\/wp\/v2\/pages"}],"about":[{"href":"https:\/\/epem.org\/index.php\/wp-json\/wp\/v2\/types\/page"}],"author":[{"embeddable":true,"href":"https:\/\/epem.org\/index.php\/wp-json\/wp\/v2\/users\/1"}],"replies":[{"embeddable":true,"href":"https:\/\/epem.org\/index.php\/wp-json\/wp\/v2\/comments?post=16"}],"version-history":[{"count":9,"href":"https:\/\/epem.org\/index.php\/wp-json\/wp\/v2\/pages\/16\/revisions"}],"predecessor-version":[{"id":187,"href":"https:\/\/epem.org\/index.php\/wp-json\/wp\/v2\/pages\/16\/revisions\/187"}],"wp:attachment":[{"href":"https:\/\/epem.org\/index.php\/wp-json\/wp\/v2\/media?parent=16"}],"curies":[{"name":"wp","href":"https:\/\/api.w.org\/{rel}","templated":true}]}}

Les églises de l&rsquo;EPEM

<p>Le 14 octobre 2023, lors de l&rsquo;AG de l&rsquo;UEEMF, il est pris acte officiellement que 9 Églises et 6 pasteurs se détachent de l&rsquo;UMC : </p>



<ul class="wp-block-list">
<li>Les Églises de Tabor Bischwiller, Bischwiller Franco-Cambodgienne, Strasbourg, Montélimar, Anduze, Valleraugue, Fleurance, Agen et Mont-de-Marsan. </li>



<li>Les pasteurs : Beong Koan LEE, Pierre-Emmanuel PANIS, Pascal MAURIN, Joël DEJARDIN, Philippe GOOLD et Antoine DA SILVA, ainsi que David Sroeu, prédicateur laïc.</li>



<li>Les pasteurs retraités : Daniel Osswald, Evelyne Otge, Christophe et Myriam Waechter, Jean-Philippe et Joseline Waechter</li>
</ul>



<h2 class="wp-block-heading">Carte de nos églises en France</h2>



<figure class="wp-block-image size-full"><img fetchpriority="high" decoding="async" width="660" height="382" src="https://epem.org/wp-content/uploads/2025/04/carte-eglise-epem.jpg" alt="" class="wp-image-58" srcset="https://epem.org/wp-content/uploads/2025/04/carte-eglise-epem.jpg 660w, https://epem.org/wp-content/uploads/2025/04/carte-eglise-epem-300x174.jpg 300w" sizes="(max-width: 660px) 100vw, 660px" /></figure>



<h2 class="wp-block-heading">Description de nos églises</h2>



<h3 class="wp-block-heading">EGLISE D&rsquo;AGEN</h3>



<p>Adresse : 1874 av. du Général Leclerc<br>47000 Agen<br>Pasteur : Philippe Goold<br>T: 05 53 96 84 32</p>



<p>Culte le dimanche à 10 h 00.</p>



<h3 class="wp-block-heading">EGLISE D&rsquo;ANDUZE</h3>



<p>Adresse : 1bis Rte de St Félix<br>30140 Anduze<br>Pasteur : Joël Déjardin<br>T: 04 66 61 71 60</p>



<p>Culte le dimanche à 10 h 30.</p>



<h3 class="wp-block-heading">EGLISE DE TABOR BISCHWILLER</h3>



<p>Adresse : 42, rue Clemenceau<br>67240 Bischwiller<br>Pasteur : Poste vacant (desserte assurée par Byeong-Koan Lee)<br>T: 03 88 53 92 07</p>



<p>Culte le dimanche à 10 h 00.</p>



<h3 class="wp-block-heading">EGLISE FRANCO-CAMBODGIENNE</h3>



<p>Adresse : 42, rue Clemenceau<br>67240 Bischwiller<br>Pasteur : David Sroeu<br>T:</p>



<p>Culte le dimanche à 15 h 00.</p>



<p>EGLISE DE FLEURANCE</p>



<p>Adresse : 73, rue Jean Jaurès<br>32 500 Fleurance<br>Pasteur : Dominique Ferret</p>



<p>Culte le dimanche à 10 h 00 .</p>



<h3 class="wp-block-heading">EGLISE DE MONT-DE-MARSAN</h3>



<p>Adresse : 252, avenue du 34e Régiment d&rsquo;Infanterie<br>(en face de l&rsquo;hôtel de la gare)<br>40000 Mont-de-Marsan<br>Pasteur : Antoine Da Silva<br>Tél. : 05 58 06 01 07</p>



<p>Culte tous les dimanches à 10 heures</p>



<h3 class="wp-block-heading">EGLISE DE MONTÉLIMAR</h3>



<p>Adresse: Église Évangélique Méthodiste<br>12 rue Louis ARAGON<br>26200 Montélimar<br>Pasteur : Pascal Maurin<br>Tél. 04 75 01 24 61</p>



<p>Culte tous les dimanches à 10h15</p>



<h3 class="wp-block-heading">EGLISE DE STRASBOURG SION</h3>



<p>Adresse : 1 place Benjamin Zix<br>Quartier de la Petite France<br>67 000 STRASBOURG<br>Pasteurs : Byeong Koan Lee &amp; Pierre-Emmanuel Panis<br>Tél. : 05 58 06 01 07</p>



<p>Culte tous les dimanches à 10 heures</p>



<h3 class="wp-block-heading">EGLISE DE VALLERAUGUE</h3>



<p>Adresse : rue du Pied-du-Pré<br>30570 Valleraugue<br>Pasteur : Alain Puglia (mi-temps)<br>Tél. : </p>



<p>Culte tous les dimanches à 10h45</p>



<p></p>

<p>Le 14 octobre 2023, lors de l&rsquo;AG de l&rsquo;UEEMF, il est pris acte officiellement que 9 Églises et 6 pasteurs se détachent de l&rsquo;UMC : Carte de nos églises en France Description de nos églises EGLISE D&rsquo;AGEN Adresse : 1874 av. du Général Leclerc47000 AgenPasteur : Philippe GooldT: 05 53 96 84 32 Culte le [&hellip;]</p>
