{"id":40,"date":"2025-04-29T20:55:09","date_gmt":"2025-04-29T18:55:09","guid":{"rendered":"https:\/\/epem.org\/?page_id=40"},"modified":"2025-04-30T20:51:56","modified_gmt":"2025-04-30T18:51:56","slug":"votre-eglise-souhaite-rejoindre-lepem","status":"publish","type":"page","link":"https:\/\/epem.org\/index.php\/votre-eglise-souhaite-rejoindre-lepem\/","title":{"rendered":"Votre \u00e9glise souhaite rejoindre l&rsquo;EPEM ?"},"content":{"rendered":"\n<p>Si votre \u00e9glise locale souhaite rejoindre notre union m\u00e9thodiste. Nous nous en r\u00e9jouissons !<\/p>\n\n\n\n<p>Voici quelques \u00e9l\u00e9ments qui peuvent vous permettre de r\u00e9fl\u00e9chir \u00e0 votre affiliation \u00e0 notre union.<\/p>\n\n\n\n<p><strong>1. Phase de discernement et de pr\u00e9paration locale<\/strong><br>Avant toute d\u00e9marche officielle, l\u2019\u00e9glise locale doit engager un processus de discernement spirituel et communautaire. Cela comprend des temps de pri\u00e8re, d\u2019\u00e9tude biblique et de r\u00e9flexion sur les valeurs, les doctrines, et l\u2019histoire du m\u00e9thodisme. Le conseil de l\u2019\u00e9glise (ou les anciens et le pasteur) peut organiser des r\u00e9unions d\u2019information avec les membres pour examiner les implications th\u00e9ologiques, organisationnelles et pastorales de l\u2019adh\u00e9sion \u00e0 notre union. Vous pouvez pour cela voir les pages \u00ab\u00a0<a href=\"https:\/\/epem.org\/index.php\/notre-fonctionnement\/\" data-type=\"page\" data-id=\"22\">Notre fonctionnement<\/a>\u00a0\u00bb et lire nos statuts, r\u00e8glement int\u00e9rieur et r\u00e8glement d&rsquo;\u00e9glise. Cette phase vise \u00e0 assurer que l\u2019\u00e9glise partage une vision compatible avec celle de l\u2019union.<\/p>\n\n\n\n<p><strong>2. Prise de contact et d\u00e9p\u00f4t de candidature<\/strong><br>Une fois la d\u00e9cision favorable prise par l\u2019\u00e9glise locale, celle-ci doit entrer officiellement en contact avec l\u2019EPEM. Cela inclut g\u00e9n\u00e9ralement l\u2019envoi d\u2019une lettre d\u2019intention adress\u00e9e au <a href=\"https:\/\/epem.org\/index.php\/le-conseil-de-coordination-de-lepem\/\" data-type=\"page\" data-id=\"12\">conseil de coop\u00e9ration<\/a> de l\u2019union \u00e0 l&rsquo;adresse <a href=\"mailto:candidature@epem.org\">candidature@epem.org<\/a>. Cette lettre peut \u00eatre accompagn\u00e9e de documents d\u00e9crivant l\u2019histoire de l\u2019\u00e9glise, ses orientations doctrinales, sa structure de gouvernance, et ses activit\u00e9s principales. Une p\u00e9riode de dialogue s\u2019ensuit, durant laquelle des repr\u00e9sentants de l\u2019union pourraient visiter l\u2019\u00e9glise, poser des questions, et offrir des orientations.<\/p>\n\n\n\n<p><strong>3. \u00c9valuation et int\u00e9gration<\/strong><br>Apr\u00e8s avoir examin\u00e9 la candidature, le CC peut soumettre la demande \u00e0 l&rsquo;assembl\u00e9e g\u00e9n\u00e9rale suivante. Les repr\u00e9sentants de l&rsquo;\u00e9glise locale y seront invit\u00e9s pour se pr\u00e9senter. Si le vote est favorable, l\u2019int\u00e9gration pourra se faire par le biais d&rsquo;une c\u00e9r\u00e9monie d\u2019accueil officielle organis\u00e9e dans vos locaux. L\u2019\u00e9glise devient alors membre \u00e0 part enti\u00e8re, avec les droits et devoirs li\u00e9s \u00e0 son appartenance \u00e0 l\u2019union, y compris la participation aux instances d\u00e9cisionnelles et aux projets communs.<\/p>\n","protected":false},"excerpt":{"rendered":"<p>Si votre \u00e9glise locale souhaite rejoindre notre union m\u00e9thodiste. Nous nous en r\u00e9jouissons ! Voici quelques \u00e9l\u00e9ments qui peuvent vous permettre de r\u00e9fl\u00e9chir \u00e0 votre affiliation \u00e0 notre union. 1. Phase de discernement et de pr\u00e9paration localeAvant toute d\u00e9marche officielle, l\u2019\u00e9glise locale doit engager un processus de discernement spirituel et communautaire. Cela comprend des temps [&hellip;]<\/p>\n","protected":false},"author":1,"featured_media":0,"parent":0,"menu_order":0,"comment_status":"closed","ping_status":"closed","template":"elementor_theme","meta":{"ocean_post_layout":"","ocean_both_sidebars_style":"","ocean_both_sidebars_content_width":0,"ocean_both_sidebars_sidebars_width":0,"ocean_sidebar":"","ocean_second_sidebar":"","ocean_disable_margins":"enable","ocean_add_body_class":"","ocean_shortcode_before_top_bar":"","ocean_shortcode_after_top_bar":"","ocean_shortcode_before_header":"","ocean_shortcode_after_header":"","ocean_has_shortcode":"","ocean_shortcode_after_title":"","ocean_shortcode_before_footer_widgets":"","ocean_shortcode_after_footer_widgets":"","ocean_shortcode_before_footer_bottom":"","ocean_shortcode_after_footer_bottom":"","ocean_display_top_bar":"default","ocean_display_header":"default","ocean_header_style":"","ocean_center_header_left_menu":"","ocean_custom_header_template":"","ocean_custom_logo":0,"ocean_custom_retina_logo":0,"ocean_custom_logo_max_width":0,"ocean_custom_logo_tablet_max_width":0,"ocean_custom_logo_mobile_max_width":0,"ocean_custom_logo_max_height":0,"ocean_custom_logo_tablet_max_height":0,"ocean_custom_logo_mobile_max_height":0,"ocean_header_custom_menu":"","ocean_menu_typo_font_family":"","ocean_menu_typo_font_subset":"","ocean_menu_typo_font_size":0,"ocean_menu_typo_font_size_tablet":0,"ocean_menu_typo_font_size_mobile":0,"ocean_menu_typo_font_size_unit":"px","ocean_menu_typo_font_weight":"","ocean_menu_typo_font_weight_tablet":"","ocean_menu_typo_font_weight_mobile":"","ocean_menu_typo_transform":"","ocean_menu_typo_transform_tablet":"","ocean_menu_typo_transform_mobile":"","ocean_menu_typo_line_height":0,"ocean_menu_typo_line_height_tablet":0,"ocean_menu_typo_line_height_mobile":0,"ocean_menu_typo_line_height_unit":"","ocean_menu_typo_spacing":0,"ocean_menu_typo_spacing_tablet":0,"ocean_menu_typo_spacing_mobile":0,"ocean_menu_typo_spacing_unit":"","ocean_menu_link_color":"","ocean_menu_link_color_hover":"","ocean_menu_link_color_active":"","ocean_menu_link_background":"","ocean_menu_link_hover_background":"","ocean_menu_link_active_background":"","ocean_menu_social_links_bg":"","ocean_menu_social_hover_links_bg":"","ocean_menu_social_links_color":"","ocean_menu_social_hover_links_color":"","ocean_disable_title":"default","ocean_disable_heading":"default","ocean_post_title":"","ocean_post_subheading":"","ocean_post_title_style":"","ocean_post_title_background_color":"","ocean_post_title_background":0,"ocean_post_title_bg_image_position":"","ocean_post_title_bg_image_attachment":"","ocean_post_title_bg_image_repeat":"","ocean_post_title_bg_image_size":"","ocean_post_title_height":0,"ocean_post_title_bg_overlay":0.5,"ocean_post_title_bg_overlay_color":"","ocean_disable_breadcrumbs":"default","ocean_breadcrumbs_color":"","ocean_breadcrumbs_separator_color":"","ocean_breadcrumbs_links_color":"","ocean_breadcrumbs_links_hover_color":"","ocean_display_footer_widgets":"default","ocean_display_footer_bottom":"default","ocean_custom_footer_template":"","osh_disable_topbar_sticky":"default","osh_disable_header_sticky":"default","osh_sticky_header_style":"default","osh_sticky_header_effect":"","osh_custom_sticky_logo":0,"osh_custom_retina_sticky_logo":0,"osh_custom_sticky_logo_height":0,"osh_background_color":"","osh_links_color":"","osh_links_hover_color":"","osh_links_active_color":"","osh_links_bg_color":"","osh_links_hover_bg_color":"","osh_links_active_bg_color":"","osh_menu_social_links_color":"","osh_menu_social_hover_links_color":"","footnotes":""},"class_list":["post-40","page","type-page","status-publish","hentry","entry"],"_links":{"self":[{"href":"https:\/\/epem.org\/index.php\/wp-json\/wp\/v2\/pages\/40","targetHints":{"allow":["GET"]}}],"collection":[{"href":"https:\/\/epem.org\/index.php\/wp-json\/wp\/v2\/pages"}],"about":[{"href":"https:\/\/epem.org\/index.php\/wp-json\/wp\/v2\/types\/page"}],"author":[{"embeddable":true,"href":"https:\/\/epem.org\/index.php\/wp-json\/wp\/v2\/users\/1"}],"replies":[{"embeddable":true,"href":"https:\/\/epem.org\/index.php\/wp-json\/wp\/v2\/comments?post=40"}],"version-history":[{"count":1,"href":"https:\/\/epem.org\/index.php\/wp-json\/wp\/v2\/pages\/40\/revisions"}],"predecessor-version":[{"id":41,"href":"https:\/\/epem.org\/index.php\/wp-json\/wp\/v2\/pages\/40\/revisions\/41"}],"wp:attachment":[{"href":"https:\/\/epem.org\/index.php\/wp-json\/wp\/v2\/media?parent=40"}],"curies":[{"name":"wp","href":"https:\/\/api.w.org\/{rel}","templated":true}]}}