{"id":47,"date":"2025-04-29T21:33:01","date_gmt":"2025-04-29T19:33:01","guid":{"rendered":"https:\/\/epem.org\/?page_id=47"},"modified":"2025-06-04T12:20:58","modified_gmt":"2025-06-04T10:20:58","slug":"naissance-de-lepem","status":"publish","type":"page","link":"https:\/\/epem.org\/index.php\/naissance-de-lepem\/","title":{"rendered":"Naissance de l&rsquo;EPEM"},"content":{"rendered":"\n<h2 class=\"wp-block-heading\">Bref historique<\/h2>\n\n\n\n<p>L\u2019UEEMF, membre de la FPF depuis 2008, constitue le district francophone de la CONF\u00c9RENCE ANNUELLE SUISSE \/ FRANCE \/ AFRIQUE DU NORD, plus largement encore elle rel\u00e8ve de la CONF\u00c9RENCE CENTRALE DE L\u2019EUROPE DU CENTRE ET DU SUD et en d\u00e9finitive de l\u2019UNITED METHODIST CHURCH (\u00c9glise \u00e9vang\u00e9lique m\u00e9thodiste \/ \u00c9glise m\u00e9thodiste unie).<\/p>\n\n\n\n<p>Pour faire court, depuis les ann\u00e9es 90, la Conf\u00e9rence g\u00e9n\u00e9rale de l\u2019UMC r\u00e9unie tous les quatre ans est r\u00e9guli\u00e8rement le th\u00e9\u00e2tre d\u2019une controverse autour de la question de l\u2019homosexualit\u00e9 et la reconnaissance du minist\u00e8re de personnes revendiquant leur homosexualit\u00e9 malgr\u00e9 le R\u00e8glement de l\u2019Eglise qui d\u00e9clare sans ambages que \u00ab la pratique de l\u2019homosexualit\u00e9 n\u2019est pas conforme \u00e0 l\u2019enseignement biblique \u00bb. Jusqu\u2019\u00e0 2016, les personnes, les Conf\u00e9rences ou les paroisses qui enfreignaient la r\u00e8gle de l\u2019\u00c9glise \u00e9taient mises sous discipline. Par-del\u00e0 cette date, tout jugement sur le sujet a \u00e9t\u00e9 \u00e9vit\u00e9. Le spectre d\u2019une scission s\u2019annon\u00e7ait d\u00e8s lors in\u00e9luctable.<\/p>\n\n\n\n<p>Une commission eccl\u00e9siale (Table connexionale) tout comme divers \u00e9v\u00eaques de l\u2019\u00c9glise imaginent alors, en guise de sortie de crise, divers sc\u00e9narios entre l\u2019\u00e9clatement de l\u2019\u00c9glise et un mod\u00e8le d\u2019\u00c9glise hybride o\u00f9 cohabitent des tendances contradictoires o\u00f9 chacun soutiendrait les convictions qui lui sont ch\u00e8res (qu&rsquo;ils appellent Kal\u00e9idoscope).<\/p>\n\n\n\n<h2 class=\"wp-block-heading\">Situation de l\u2019EPEM \u00e0 ce jour<\/h2>\n\n\n\n<h3 class=\"wp-block-heading\">La Conf\u00e9rence g\u00e9n\u00e9rale 2019, moment charni\u00e8re<\/h3>\n\n\n\n<p>Sous la pression des lobbies LGBTQ, la d\u00e9cision a \u00e9t\u00e9 prise d\u2019aborder en profondeur cette th\u00e9matique lors de la CONF\u00c9RENCE G\u00c9N\u00c9RALE 2019 (apr\u00e8s le COVID). 53% des d\u00e9l\u00e9gu\u00e9s ont opt\u00e9 pour le maintien de la ligne \u00e9thique et herm\u00e9neutique traditionnelle. D\u00e8s lors que les opposants ont fait valoir que cette d\u00e9cision \u00e9tait inapplicable, l\u2019aile traditionnelle a \u00e9t\u00e9 contrainte malgr\u00e9 elle de pr\u00e9parer son retrait de l\u2019UMC, bien que majoritaire. La plupart des \u00e9glises repr\u00e9sentatives de ce courant dans le monde a fait le choix de rejoindre THE GLOBAL METHODIST CHURCH n\u00e9e dans la foul\u00e9e.<\/p>\n\n\n\n<h3 class=\"wp-block-heading\">Et la France dans tout \u00e7a ?<\/h3>\n\n\n\n<p>Pour ce qui est de la France, la controverse s\u2019\u00e9talera \u00e9galement sur plusieurs ann\u00e9es. D\u00e8s 2006, la pastorale de l\u2019UEEMF a trait\u00e9 de cette th\u00e9matique \u00e9thique controvers\u00e9e et elle a publi\u00e9 sa position sur le sujet.<\/p>\n\n\n\n<p class=\"is-style-text-annotation has-medium-font-size\"><em>Le corps pastoral de l\u2019UEEMF r\u00e9affirme son adh\u00e9sion \u00e0 la position de l\u2019Eglise (EEM\/UMC) concernant l\u2019homosexualit\u00e9 d\u00e9finie dans Les Principes sociaux (1996), \u00e0 savoir : \u00ab Bien que nous n\u2019approuvions pas la pratique de l\u2019homosexualit\u00e9 et que nous la consid\u00e9rions comme inconciliable avec la doctrine chr\u00e9tienne, nous confirmons que la mis\u00e9ricorde de Dieu est valable pour tous les hommes et toutes les femmes \u00bb. Le corps pastoral invite les \u00e9glises locales \u00e0 aborder cette th\u00e9matique sur la base de l\u2019Ecriture et du R\u00e8glement de l\u2019Eglise. Il les encourage \u00e0 accompagner les personnes homosexuelles vers une \u00e9thique de vie conforme au projet du Dieu Cr\u00e9ateur et R\u00e9dempteur.<\/em><\/p>\n\n\n\n<p>Pass\u00e9 la Conf\u00e9rence g\u00e9n\u00e9rale de 2019, les membres de l\u2019UEEMF se sont exprim\u00e9s \u00e0 plusieurs reprises, plus des 2\/3 des votants ont exprim\u00e9 leur volont\u00e9 de s\u2019en tenir \u00e0 la ligne historique de l\u2019Eglise et \u00e0 refuser l\u2019offre d\u2019une approche kal\u00e9idoscopique propos\u00e9e par la Conf\u00e9rence annuelle. D\u00e8s lors, il n\u2019y a pas eu d\u2019autre issue que de demander le retrait de l\u2019UMC.<\/p>\n\n\n\n<p>En France, le dernier vote (1er octobre 2023) a r\u00e9v\u00e9l\u00e9 que 9 \u00e9glises sur 16 de l\u2019UEEMF optaient en faveur de la s\u00e9paration de l\u2019UEEMF et la cr\u00e9ation d\u2019une nouvelle Union d\u2019\u00e9glises m\u00e9thodistes (Bischwiller, Eglise khm\u00e8re de Bischwiller, Strasbourg, Mont\u00e9limar, Anduze, Valleraugue, Fleurance, Agen et Mont-de-Marsan).<\/p>\n\n\n\n<p>Voici le communiqu\u00e9 de Luc BRINKERT, pr\u00e9sident de l\u2019UEEMF aux lendemains de l\u2019Assembl\u00e9e g\u00e9n\u00e9rale de l\u2019UEEMF le 14 octobre 2024)<\/p>\n\n\n\n<div class=\"wp-block-group\"><div class=\"wp-block-group__inner-container is-layout-constrained wp-block-group-is-layout-constrained\">\n<div class=\"wp-block-group\"><div class=\"wp-block-group__inner-container is-layout-constrained wp-block-group-is-layout-constrained\">\n<p class=\"is-style-text-annotation has-medium-font-size\">COMMUNIQUE DU 18 OCTOBRE 2023<br><br><em>L\u2019Union de l\u2019\u00c9glise \u00c9vang\u00e9lique M\u00e9thodiste de France (UEEMF) est constitu\u00e9e de seize \u00e9glises locales dont neuf ont d\u00e9cid\u00e9 de se s\u00e9parer et cr\u00e9er une nouvelle union, et sept d\u2019y rester. Le 14 octobre 2023, une assembl\u00e9e g\u00e9n\u00e9rale de l\u2019Union a pris les d\u00e9cisions n\u00e9cessaires pour un partage \u00e9quitable du patrimoine.<\/em><br><br><em>L\u2019\u00c9glise \u00c9vang\u00e9lique M\u00e9thodiste mondiale (EEM, en anglais United Methodist Church, UMC) est depuis des d\u00e9cennies travers\u00e9es par d\u2019intenses discussions th\u00e9ologiques et institutionnelles concernant la b\u00e9n\u00e9diction de couples de m\u00eame sexe et le minist\u00e8re pastoral accord\u00e9 \u00e0 des personnes homosexuelles. La Conf\u00e9rence g\u00e9n\u00e9rale mondiale, pr\u00e9vue en avril 2024, ouvrirait la possibilit\u00e9 d\u2019une cohabitation plurielle de diff\u00e9rents positionnements<\/em><br><br><em>Cette possibilit\u00e9 a d\u00e9j\u00e0 produit des s\u00e9parations aux Etats-Unis, en Europe et aussi en France. Le 1er octobre 2023, toutes les \u00e9glises locales en France ont vot\u00e9 si elles veulent se s\u00e9parer de l\u2019\u00c9glise \u00c9vang\u00e9lique M\u00e9thodiste (EEM\/UMC). Neuf \u00e9glises locales ont approuv\u00e9 la s\u00e9paration, et sept ont d\u00e9cid\u00e9 de rester dans l\u2019UEEMF. Les \u00e9glises locales sortantes sont en train de former une nouvelle union. Elles esp\u00e8rent finaliser ce processus avant fin janvier 2024. Les \u00e9glises locales restantes ont affirm\u00e9 garder la position traditionnelle de l\u2019EEM en France, ce qui leur est garanti par la r\u00e9gion \u00e9piscopale dont elles font partie<\/em>.<br><br><em>Le 14 octobre, l\u2019Assembl\u00e9e g\u00e9n\u00e9rale de l\u2019UEEMF a act\u00e9 ces votes du 1er octobre et donc la s\u00e9paration des neuf \u00c9glises locales d\u2019avec l\u2019EEM\/UMC. D\u2019une mani\u00e8re apais\u00e9e, l\u2019Assembl\u00e9e g\u00e9n\u00e9rale a entam\u00e9 un processus de partage du patrimoine<\/em>.<br><br><em>Cette s\u00e9paration est certes douloureuse, mais elle se fait dans un esprit de respect mutuel.<\/em><\/p>\n<\/div><\/div>\n<\/div><\/div>\n\n\n\n<h3 class=\"wp-block-heading\">Cr\u00e9ation de l&rsquo;EPEM<\/h3>\n\n\n\n<p>Suite \u00e0 cette journ\u00e9e historique, une commission a travaill\u00e9 d\u2019arrache-pied pendant plusieurs mois pour \u00e9crire les statuts et le R\u00e8glement int\u00e9rieur de la nouvelle instance eccl\u00e9siale, partant du principe que ne serait modifi\u00e9 que le minimum au niveau de l\u2019eccl\u00e9siologie et de la th\u00e9ologie de l\u2019\u00c9glise m\u00e9thodiste, sur la base du R\u00e8glement d&rsquo;Eglise 2013 de l&rsquo;Eglise Evang\u00e9lique M\u00e9thodiste (EMM\/UMC). Pour donner un exemple de changement apport\u00e9, l\u2019Alliance pastorale (coll\u00e8ge des pasteurs ordonn\u00e9s) g\u00e8rera les postes et les minist\u00e8res ainsi que le ressourcement spirituel et th\u00e9ologique de l\u2019\u00c9glise, en remplacement du surintendant.<\/p>\n\n\n\n<p>L\u2019acronyme de la nouvelle Union a \u00e9t\u00e9 choisie d\u00e9mocratiquement au sein des \u00e9glises locales, l\u2019Eglise Protestante Evang\u00e9lique M\u00e9thodiste (EPEM). Le choix du logo est en cours suivant la m\u00eame proc\u00e9dure.<\/p>\n\n\n\n<p><strong>10 f\u00e9vrier 2024 : cr\u00e9ation de l\u2019EPEM<\/strong><\/p>\n\n\n\n<p>A cette date a eu lieu \u00e0 Mont\u00e9limar l\u2019Assembl\u00e9e g\u00e9n\u00e9rale constitutive de l\u2019EPEM avec l\u2019homologation des Statuts et du R\u00e8glement Int\u00e9rieur de l\u2019EPEM par ses membres fondateurs.<\/p>\n","protected":false},"excerpt":{"rendered":"<p>Bref historique L\u2019UEEMF, membre de la FPF depuis 2008, constitue le district francophone de la CONF\u00c9RENCE ANNUELLE SUISSE \/ FRANCE \/ AFRIQUE DU NORD, plus largement encore elle rel\u00e8ve de la CONF\u00c9RENCE CENTRALE DE L\u2019EUROPE DU CENTRE ET DU SUD et en d\u00e9finitive de l\u2019UNITED METHODIST CHURCH (\u00c9glise \u00e9vang\u00e9lique m\u00e9thodiste \/ \u00c9glise m\u00e9thodiste unie). Pour [&hellip;]<\/p>\n","protected":false},"author":1,"featured_media":0,"parent":0,"menu_order":0,"comment_status":"closed","ping_status":"closed","template":"elementor_theme","meta":{"ocean_post_layout":"","ocean_both_sidebars_style":"","ocean_both_sidebars_content_width":0,"ocean_both_sidebars_sidebars_width":0,"ocean_sidebar":"","ocean_second_sidebar":"","ocean_disable_margins":"enable","ocean_add_body_class":"","ocean_shortcode_before_top_bar":"","ocean_shortcode_after_top_bar":"","ocean_shortcode_before_header":"","ocean_shortcode_after_header":"","ocean_has_shortcode":"","ocean_shortcode_after_title":"","ocean_shortcode_before_footer_widgets":"","ocean_shortcode_after_footer_widgets":"","ocean_shortcode_before_footer_bottom":"","ocean_shortcode_after_footer_bottom":"","ocean_display_top_bar":"default","ocean_display_header":"default","ocean_header_style":"","ocean_center_header_left_menu":"","ocean_custom_header_template":"","ocean_custom_logo":0,"ocean_custom_retina_logo":0,"ocean_custom_logo_max_width":0,"ocean_custom_logo_tablet_max_width":0,"ocean_custom_logo_mobile_max_width":0,"ocean_custom_logo_max_height":0,"ocean_custom_logo_tablet_max_height":0,"ocean_custom_logo_mobile_max_height":0,"ocean_header_custom_menu":"","ocean_menu_typo_font_family":"","ocean_menu_typo_font_subset":"","ocean_menu_typo_font_size":0,"ocean_menu_typo_font_size_tablet":0,"ocean_menu_typo_font_size_mobile":0,"ocean_menu_typo_font_size_unit":"px","ocean_menu_typo_font_weight":"","ocean_menu_typo_font_weight_tablet":"","ocean_menu_typo_font_weight_mobile":"","ocean_menu_typo_transform":"","ocean_menu_typo_transform_tablet":"","ocean_menu_typo_transform_mobile":"","ocean_menu_typo_line_height":0,"ocean_menu_typo_line_height_tablet":0,"ocean_menu_typo_line_height_mobile":0,"ocean_menu_typo_line_height_unit":"","ocean_menu_typo_spacing":0,"ocean_menu_typo_spacing_tablet":0,"ocean_menu_typo_spacing_mobile":0,"ocean_menu_typo_spacing_unit":"","ocean_menu_link_color":"","ocean_menu_link_color_hover":"","ocean_menu_link_color_active":"","ocean_menu_link_background":"","ocean_menu_link_hover_background":"","ocean_menu_link_active_background":"","ocean_menu_social_links_bg":"","ocean_menu_social_hover_links_bg":"","ocean_menu_social_links_color":"","ocean_menu_social_hover_links_color":"","ocean_disable_title":"default","ocean_disable_heading":"default","ocean_post_title":"","ocean_post_subheading":"","ocean_post_title_style":"","ocean_post_title_background_color":"","ocean_post_title_background":0,"ocean_post_title_bg_image_position":"","ocean_post_title_bg_image_attachment":"","ocean_post_title_bg_image_repeat":"","ocean_post_title_bg_image_size":"","ocean_post_title_height":0,"ocean_post_title_bg_overlay":0.5,"ocean_post_title_bg_overlay_color":"","ocean_disable_breadcrumbs":"default","ocean_breadcrumbs_color":"","ocean_breadcrumbs_separator_color":"","ocean_breadcrumbs_links_color":"","ocean_breadcrumbs_links_hover_color":"","ocean_display_footer_widgets":"default","ocean_display_footer_bottom":"default","ocean_custom_footer_template":"","osh_disable_topbar_sticky":"default","osh_disable_header_sticky":"default","osh_sticky_header_style":"default","osh_sticky_header_effect":"","osh_custom_sticky_logo":0,"osh_custom_retina_sticky_logo":0,"osh_custom_sticky_logo_height":0,"osh_background_color":"","osh_links_color":"","osh_links_hover_color":"","osh_links_active_color":"","osh_links_bg_color":"","osh_links_hover_bg_color":"","osh_links_active_bg_color":"","osh_menu_social_links_color":"","osh_menu_social_hover_links_color":"","footnotes":""},"class_list":["post-47","page","type-page","status-publish","hentry","entry"],"_links":{"self":[{"href":"https:\/\/epem.org\/index.php\/wp-json\/wp\/v2\/pages\/47","targetHints":{"allow":["GET"]}}],"collection":[{"href":"https:\/\/epem.org\/index.php\/wp-json\/wp\/v2\/pages"}],"about":[{"href":"https:\/\/epem.org\/index.php\/wp-json\/wp\/v2\/types\/page"}],"author":[{"embeddable":true,"href":"https:\/\/epem.org\/index.php\/wp-json\/wp\/v2\/users\/1"}],"replies":[{"embeddable":true,"href":"https:\/\/epem.org\/index.php\/wp-json\/wp\/v2\/comments?post=47"}],"version-history":[{"count":2,"href":"https:\/\/epem.org\/index.php\/wp-json\/wp\/v2\/pages\/47\/revisions"}],"predecessor-version":[{"id":322,"href":"https:\/\/epem.org\/index.php\/wp-json\/wp\/v2\/pages\/47\/revisions\/322"}],"wp:attachment":[{"href":"https:\/\/epem.org\/index.php\/wp-json\/wp\/v2\/media?parent=47"}],"curies":[{"name":"wp","href":"https:\/\/api.w.org\/{rel}","templated":true}]}}