{"id":8,"date":"2025-04-29T16:58:14","date_gmt":"2025-04-29T14:58:14","guid":{"rendered":"https:\/\/epem.org\/?page_id=8"},"modified":"2025-06-12T20:44:34","modified_gmt":"2025-06-12T18:44:34","slug":"epem-qui-sommes-nous","status":"publish","type":"page","link":"https:\/\/epem.org\/index.php\/epem-qui-sommes-nous\/","title":{"rendered":"Qui sommes-nous ?\u00a0"},"content":{"rendered":"\n<p>L\u2019\u00c9glise Protestante \u00c9vang\u00e9lique M\u00e9thodiste (EPEM) est une union d\u2019\u00c9glises locales profond\u00e9ment enracin\u00e9e dans l\u2019h\u00e9ritage du protestantisme et du m\u00e9thodisme. Nous affirmons que la Bible, en tant que Parole de Dieu, est le fondement qui guide notre foi, fa\u00e7onne notre vie et inspire notre engagement au quotidien.<\/p>\n\n\n\n<p>Ancr\u00e9e dans la tradition protestante et port\u00e9e par des convictions \u00e9vang\u00e9liques solides, notre \u00c9glise met en avant la gr\u00e2ce de Dieu comme moteur essentiel de la transformation spirituelle. Elle s\u2019engage \u00e0 soutenir chaque croyant dans sa croissance personnelle et \u00e0 partager l\u2019\u00c9vangile avec ceux qui l\u2019entourent.<\/p>\n\n\n\n<p>L\u2019EPEM se veut un espace de fraternit\u00e9 et de collaboration. Elle accompagne ses \u00c9glises membres en assurant l\u2019appel et la formation des pasteurs, l\u2019entretien des lieux de culte et le d\u00e9veloppement de projets missionnaires. Attach\u00e9e \u00e0 la communion chr\u00e9tienne, elle cultive \u00e9galement des partenariats avec d\u2019autres unions et f\u00e9d\u00e9rations partageant des convictions similaires.<\/p>\n\n\n\n<p>Notre mission est de glorifier Dieu dans tous les aspects de la vie, de refl\u00e9ter l\u2019amour du Christ autour de nous et de vivre une communion fraternelle enracin\u00e9e dans l\u2019\u00c9vangile. Avec la certitude que la foi chr\u00e9tienne \u00e9claire notre quotidien, nous avan\u00e7ons avec esp\u00e9rance pour porter le t\u00e9moignage de la Bonne Nouvelle \u00e0 un monde en qu\u00eate de sens.<\/p>\n\n\n\n<p><strong>Notre vision<\/strong><em>, d\u00e9finie en amont de la cr\u00e9ation de l\u2019union lors d\u2019une assembl\u00e9e r\u00e9unissant toutes les communaut\u00e9s le 1er d\u00e9cembre 2023 \u00e0 Mont\u00e9limar.<\/em><\/p>\n\n\n\n<p><strong><em>Notre fondement<\/em><\/strong><\/p>\n\n\n\n<p>Nous consid\u00e9rons la Bible, Parole inspir\u00e9e de Dieu, comme la v\u00e9rit\u00e9. En tant que telle, elle a vocation \u00e0 r\u00e9gir tous les aspects de notre vie personnelle, de notre vie d\u2019\u00c9glise, sa doctrine, sa pratique et son engagement communautaire.<\/p>\n\n\n\n<p><strong><em>Notre identit\u00e9<\/em><\/strong><\/p>\n\n\n\n<p>Nous nous inscrivons dans l\u2019h\u00e9ritage doctrinal et eccl\u00e9sial issu de l\u2019\u00c9glise primitive, des mouvements des r\u00e9formes protestantes et notamment du m\u00e9thodisme historique, qui est caract\u00e9ris\u00e9 par une recherche personnelle et commune de saintet\u00e9 et de service.<\/p>\n\n\n\n<p><strong><em>Notre mission<\/em><\/strong><\/p>\n\n\n\n<p>Nous voulons favoriser la croissance des croyants dans leur foi, leur pi\u00e9t\u00e9 et leur vie de disciples de Christ, et proclamer \u00e0 tous, \u00e0 travers les paroles et les actes, l\u2019\u00c9vangile de la r\u00e9conciliation avec Dieu en Christ.<\/p>\n","protected":false},"excerpt":{"rendered":"<p>L\u2019\u00c9glise Protestante \u00c9vang\u00e9lique M\u00e9thodiste (EPEM) est une union d\u2019\u00c9glises locales profond\u00e9ment enracin\u00e9e dans l\u2019h\u00e9ritage du protestantisme et du m\u00e9thodisme. Nous affirmons que la Bible, en tant que Parole de Dieu, est le fondement qui guide notre foi, fa\u00e7onne notre vie et inspire notre engagement au quotidien. Ancr\u00e9e dans la tradition protestante et port\u00e9e par des [&hellip;]<\/p>\n","protected":false},"author":1,"featured_media":0,"parent":0,"menu_order":0,"comment_status":"closed","ping_status":"closed","template":"elementor_theme","meta":{"ocean_post_layout":"","ocean_both_sidebars_style":"","ocean_both_sidebars_content_width":0,"ocean_both_sidebars_sidebars_width":0,"ocean_sidebar":"","ocean_second_sidebar":"","ocean_disable_margins":"enable","ocean_add_body_class":"","ocean_shortcode_before_top_bar":"","ocean_shortcode_after_top_bar":"","ocean_shortcode_before_header":"","ocean_shortcode_after_header":"","ocean_has_shortcode":"","ocean_shortcode_after_title":"","ocean_shortcode_before_footer_widgets":"","ocean_shortcode_after_footer_widgets":"","ocean_shortcode_before_footer_bottom":"","ocean_shortcode_after_footer_bottom":"","ocean_display_top_bar":"default","ocean_display_header":"default","ocean_header_style":"","ocean_center_header_left_menu":"","ocean_custom_header_template":"","ocean_custom_logo":0,"ocean_custom_retina_logo":0,"ocean_custom_logo_max_width":0,"ocean_custom_logo_tablet_max_width":0,"ocean_custom_logo_mobile_max_width":0,"ocean_custom_logo_max_height":0,"ocean_custom_logo_tablet_max_height":0,"ocean_custom_logo_mobile_max_height":0,"ocean_header_custom_menu":"","ocean_menu_typo_font_family":"","ocean_menu_typo_font_subset":"","ocean_menu_typo_font_size":0,"ocean_menu_typo_font_size_tablet":0,"ocean_menu_typo_font_size_mobile":0,"ocean_menu_typo_font_size_unit":"px","ocean_menu_typo_font_weight":"","ocean_menu_typo_font_weight_tablet":"","ocean_menu_typo_font_weight_mobile":"","ocean_menu_typo_transform":"","ocean_menu_typo_transform_tablet":"","ocean_menu_typo_transform_mobile":"","ocean_menu_typo_line_height":0,"ocean_menu_typo_line_height_tablet":0,"ocean_menu_typo_line_height_mobile":0,"ocean_menu_typo_line_height_unit":"","ocean_menu_typo_spacing":0,"ocean_menu_typo_spacing_tablet":0,"ocean_menu_typo_spacing_mobile":0,"ocean_menu_typo_spacing_unit":"","ocean_menu_link_color":"","ocean_menu_link_color_hover":"","ocean_menu_link_color_active":"","ocean_menu_link_background":"","ocean_menu_link_hover_background":"","ocean_menu_link_active_background":"","ocean_menu_social_links_bg":"","ocean_menu_social_hover_links_bg":"","ocean_menu_social_links_color":"","ocean_menu_social_hover_links_color":"","ocean_disable_title":"default","ocean_disable_heading":"default","ocean_post_title":"","ocean_post_subheading":"","ocean_post_title_style":"","ocean_post_title_background_color":"","ocean_post_title_background":0,"ocean_post_title_bg_image_position":"","ocean_post_title_bg_image_attachment":"","ocean_post_title_bg_image_repeat":"","ocean_post_title_bg_image_size":"","ocean_post_title_height":0,"ocean_post_title_bg_overlay":0.5,"ocean_post_title_bg_overlay_color":"","ocean_disable_breadcrumbs":"default","ocean_breadcrumbs_color":"","ocean_breadcrumbs_separator_color":"","ocean_breadcrumbs_links_color":"","ocean_breadcrumbs_links_hover_color":"","ocean_display_footer_widgets":"default","ocean_display_footer_bottom":"default","ocean_custom_footer_template":"","osh_disable_topbar_sticky":"default","osh_disable_header_sticky":"default","osh_sticky_header_style":"default","osh_sticky_header_effect":"","osh_custom_sticky_logo":0,"osh_custom_retina_sticky_logo":0,"osh_custom_sticky_logo_height":0,"osh_background_color":"","osh_links_color":"","osh_links_hover_color":"","osh_links_active_color":"","osh_links_bg_color":"","osh_links_hover_bg_color":"","osh_links_active_bg_color":"","osh_menu_social_links_color":"","osh_menu_social_hover_links_color":"","footnotes":""},"class_list":["post-8","page","type-page","status-publish","hentry","entry"],"_links":{"self":[{"href":"https:\/\/epem.org\/index.php\/wp-json\/wp\/v2\/pages\/8","targetHints":{"allow":["GET"]}}],"collection":[{"href":"https:\/\/epem.org\/index.php\/wp-json\/wp\/v2\/pages"}],"about":[{"href":"https:\/\/epem.org\/index.php\/wp-json\/wp\/v2\/types\/page"}],"author":[{"embeddable":true,"href":"https:\/\/epem.org\/index.php\/wp-json\/wp\/v2\/users\/1"}],"replies":[{"embeddable":true,"href":"https:\/\/epem.org\/index.php\/wp-json\/wp\/v2\/comments?post=8"}],"version-history":[{"count":2,"href":"https:\/\/epem.org\/index.php\/wp-json\/wp\/v2\/pages\/8\/revisions"}],"predecessor-version":[{"id":451,"href":"https:\/\/epem.org\/index.php\/wp-json\/wp\/v2\/pages\/8\/revisions\/451"}],"wp:attachment":[{"href":"https:\/\/epem.org\/index.php\/wp-json\/wp\/v2\/media?parent=8"}],"curies":[{"name":"wp","href":"https:\/\/api.w.org\/{rel}","templated":true}]}}